pose 0 = p - h*x - 18, -2*p = 5*x - 29 - 7. Calculate the highest common factor of p and 90.
18
Let h(a) = -4*a + 3. Let j be h(-4). Suppose 2*x - j = 15. Let o be (2 + (-70)/21)*-17*6. Calculate the greatest common divisor of x and o.
17
Let r = 16 + -4. Let c(t) = t + 6. Let n be c(6). Calculate the highest common divisor of n and r.
12
Let f be (16/24)/((-2)/(-51)). Calculate the highest common factor of 170 and f.
17
Suppose 0 = 35*v - 28*v - 399. Let q = 93 + -55. What is the highest common factor of v and q?
19
Let n = 29 + -15. Suppose 6*r = 3*r + 5*h + 31, 3*r - 25 = 2*h. What is the greatest common divisor of r and n?
7
Let u be (20/(-15))/((-4)/654). Let v = u + -122. What is the greatest common factor of v and 12?
12
Let c(r) = -3*r**3 - 11*r**2 - 5*r + 7. Let i be c(-5). Let t be 1*6/(-7)*-14. What is the greatest common divisor of i and t?
12
Suppose -17 - 31 = -2*a. Let c = 114 - a. What is the greatest common divisor of 10 and c?
10
Let n(o) = o**2 + 3*o - 5. Let u be n(-5). Let d be 6/(-15) + (-77)/(-5). Calculate the highest common factor of d and u.
5
Let f = -10 + 19. Suppose -4*b = 4*p - 24, 0 = -2*b - 3*p - 1 + 17. Suppose 2*i - 180 = -b*i. What is the greatest common factor of f and i?
9
Let j(b) = -3*b - 6. Let n be j(-6). Let y(f) = -f**2 + 10*f - 6. Let m be y(9). Suppose -m*c + 4 = -2*c. What is the greatest common factor of c and n?
4
Let i(o) = 2*o**2 - 20*o + 9. Let k be i(10). Calculate the greatest common factor of k and 81.
9
Let z be 20/8*4/2. Suppose 0*f + 52 = z*f + 3*s, 5*f + 4*s = 56. Let q be (-1)/((-3)/12) + -2. Calculate the greatest common factor of f and q.
2
Suppose -5*i + 2*w = 209, -7*w + 2*w - 230 = 5*i. Suppose 678 + 15 = -7*a. Let r = i - a. Calculate the highest common factor of r and 14.
14
Suppose 5*v = 2*b + 460, -58 + 353 = 3*v - 5*b. Calculate the greatest common divisor of v and 36.
18
Let h(v) = -v**3 + 3*v**2 + 6*v - 6. Let l be h(4). Suppose 4*u + 122 = l*j, 3*j - 212 = -u - 64. Calculate the highest common factor of 34 and j.
17
Let b = -3 - -7. Suppose 3*m = k + 4*k + 21, 0 = 2*m - b*k - 16. Let z = 75 + -57. What is the highest common factor of z and m?
2
Let d = -6 + 15. Suppose -u + d = 2*u. Suppose -l + u*l = -4*r + 34, 0 = -3*r + 2*l + 8. Calculate the greatest common divisor of 3 and r.
3
Suppose -55 = -5*l - b, 5*l - 2*b - 46 = 24. Suppose -6*y + 14 = -5*y. Suppose 10 = -5*v, -t + 7*v - 2*v = -y. Calculate the highest common factor of l and t.
4
Let v be 2/(-5) + (192/5 - 2). Calculate the greatest common factor of 108 and v.
36
Suppose o + 6 = -2*a - 0, 3*o = -4*a - 16. Let x be -3 - -3 - (-3)/a. Let k(b) = 4*b**2. Let g be k(x). What is the greatest common divisor of 4 and g?
4
Let p be 18/24 + (-74)/(-8). Let j(c) = -c + 13. Let s be j(11). Let f be (s/(-2) + 6)*4. What is the highest common factor of f and p?
10
Suppose 5*x - 11 = 49. Let z = -229 - -409. Suppose 2*s = 5*s - z. Calculate the highest common factor of s and x.
12
Let m(i) = 8*i - 4. Let h be m(4). Let w be (6 + 1)/(4/24). Let a be -2 + (-2)/(-1) + w. Calculate the highest common factor of h and a.
14
Suppose -2*w = 8, -2*w - 16 = -2*a + 20. Let j = -186 - -340. Calculate the greatest common divisor of j and a.
14
Suppose -9 = f - 4*f. Suppose 0 = f*o + o - 8. Suppose x = -2*w - 7, -2*x - 5*w = -x + 22. Calculate the greatest common factor of o and x.
1
Let t = -140 - -244. Let s be ((-378)/5)/(-6) - (-2)/5. What is the greatest common divisor of s and t?
13
Let b be -2 + 68 + (-1 + -3)*-1. Calculate the highest common divisor of b and 40.
10
Suppose -3*c = 3*n - 42, 0 = -n - 0*n + 4*c + 34. Calculate the highest common factor of n and 162.
18
Suppose -4*t = -t - 207. Let z = 145 - t. Suppose 5*d - z = -a - 3*a, 5*a - 5*d - 50 = 0. Calculate the greatest common factor of a and 7.
7
Suppose 5*y + 4*i - 41 = 0, 3*y + i = -4*i + 35. Suppose 7*z = 4*z + 63. Suppose -z + 96 = 5*c. Calculate the greatest common divisor of c and y.
5
Let g be (-9)/(-12) + (-159)/(-12). Let u(w) = -w - 10. Let y be u(-12). What is the greatest common factor of g and y?
2
Let d(g) = -12*g - 1. Let v(i) = -i**2 - i - 1. Let l be v(0). Let j be d(l). Let n = 13 - -9. Calculate the greatest common factor of j and n.
11
Let m(n) = n**3 - 4*n**2 - 3*n - 5. Let t be m(4). Suppose 0*p - 415 = 5*p. Let a = t - p. Calculate the highest common divisor of 44 and a.
22
Let y(o) = 2*o + 3 - 7 - 3 + 3. Let m be y(4). Calculate the greatest common factor of m and 12.
4
Suppose -w + 21 + 7 = 0. Suppose -w = -2*t - 4. Let i = -7 - -19. What is the highest common factor of i and t?
12
Suppose 7 = -3*x + 70. Suppose 5*r - 10 = 0, 5*r = -3*d - x + 73. Calculate the greatest common divisor of d and 28.
14
Let j(m) = -52*m - 94. Let h be j(-7). Calculate the greatest common factor of 108 and h.
54
Suppose o + 9 = 2*o. Let y be 115/9 - (-2)/o. Suppose -2*a - 2*x - 3*x + 26 = 0, -a + y = -x. What is the greatest common divisor of a and 13?
13
Let q(t) = -t - 4. Let p be q(-7). Suppose 0*f = -f - 3*n + 20, -5*f + 64 = -p*n. Calculate the greatest common factor of f and 2.
2
Let o(v) = v**3 - 2*v**2 + 3*v + 1. Suppose 3*q - 6 = -0. Let i be o(q). What is the highest common divisor of i and 21?
7
Suppose g - 5*z = -2*g + 11, -4*g = z + 16. Let n(k) = -3*k**3 - 2*k**2 + 2*k + 3. Let q be n(g). What is the highest common divisor of q and 24?
12
Let r(p) be the third derivative of -p**4/8 - p**3 + p**2. Let u be r(-6). Suppose 0 = c + 18 - 26. What is the highest common divisor of c and u?
4
Let h = -33 + 60. Suppose 6*v = h + 33. What is the highest common factor of v and 10?
10
Let v(t) be the third derivative of -13*t**4/24 - t**3/6 - t**2. Let w = 1 + -2. Let m be v(w). Calculate the highest common factor of m and 3.
3
Suppose n - 5*t - 54 = 0, 0 = 4*n - n + 4*t - 219. What is the highest common divisor of 138 and n?
69
Let h = 1 + 6. Calculate the greatest common factor of h and 7.
7
Let f be 84/10 + (-2)/5. Suppose 4*p = -p + 4*g + 60, -4*p + 2*g = -42. Let m = p + -4. Calculate the highest common divisor of f and m.
4
Let u(k) = -3*k + 5. Let o be u(-8). Suppose -6 = 4*q - 7*q. Suppose -q*j - 3*p - 2*p + o = 0, 0 = j - p - 4. Calculate the greatest common divisor of j and 7.
7
Let k(g) = -g**3 + 8*g**2 - g. Let v be k(8). Let n be (4/v)/(1/(-36)). What is the highest common factor of n and 2?
2
Suppose -3*i + 4*g + 3 = -0, 2*i - 2 = -4*g. Let f be (-1 - i/(-1))*1. Suppose f = d + d - 6. What is the greatest common divisor of d and 3?
3
Suppose q = -q + 10. Let d(u) = u - 1. Let i be d(q). Suppose 33 + 63 = i*w. What is the highest common factor of 8 and w?
8
Let k be (-2 - 27)*(-6 + 5). Calculate the greatest common factor of k and 232.
29
Let z(n) = -n**3 - 5*n**2 + 2*n - 3. Let u be z(-6). Let b be (-27)/(-6)*-4*14/(-3). What is the greatest common factor of b and u?
21
Let b = 189 + -79. Calculate the greatest common divisor of 22 and b.
22
Let a be (-1)/((-3)/(6/1)). Let z be (8/20)/(a/250). What is the highest common divisor of 10 and z?
10
Let x be ((-4)/5)/((-6)/45). Let j = -3 + x. Suppose -j*a + 14 = 2. Calculate the greatest common factor of a and 12.
4
Suppose 4*w - 755 = -3*i, 765 = 4*w - 0*w + 5*i. Let c = w - 80. What is the highest common divisor of c and 42?
21
Suppose 0 = 2*f + 5*r - 35, 2*f - 41 = -f + 4*r. Let v = -738 - -903. Calculate the greatest common divisor of f and v.
15
Let p(a) = -2*a + 2. Let j be p(-8). Calculate the highest common divisor of 9 and j.
9
Let v(c) = 44*c**3. Let p be v(1). Let d = -26 + p. Calculate the greatest common factor of d and 54.
18
Suppose -5*m = -2*r - 663, 0 = -m + 2*r - r + 135. Suppose 0 = -2*n + m + 29. Calculate the highest common divisor of 20 and n.
20
Let u(j) = -j - 15. Let b be u(-7). Let o be -2*(-3)/(-12)*b. Suppose 0 = -3*p - o*r + 2, p + 6 = r - 4*r. Calculate the greatest common factor of p and 3.
3
Suppose 2 - 12 = -2*f, f + 175 = 4*t. What is the greatest common factor of 18 and t?
9
Let u = -13 + 8. Let v(o) = -22*o - 5. Let j be v(u). What is the greatest common divisor of 15 and j?
15
Suppose -20 = -2*i + 6. Let s = -24 - -37. Calculate the greatest common divisor of i and s.
13
Suppose 0*p = -5*p + 70. Suppose 4*b + 14 = 2*r, -4*r + 2*b + b = -48. Let n be ((-6)/r)/(2/(-350)).